or of 48?
True
Does 10 divide 68950?
True
Does 32 divide 1824?
True
Does 9 divide 446?
False
Is 609 a multiple of 21?
True
Is 19 a factor of 9918?
True
Is 68 a factor of 8364?
True
Is 899 a multiple of 51?
False
Does 2 divide 19?
False
Is 33392 a multiple of 14?
False
Is 13 a factor of 221?
True
Is 61 a multiple of 7?
False
Is 44 a factor of 2332?
True
Is 3452 a multiple of 22?
False
Is 5349 a multiple of 7?
False
Is 149 a factor of 30694?
True
Does 82 divide 2542?
True
Does 13 divide 12779?
True
Is 971 a multiple of 28?
False
Is 41788 a multiple of 37?
False
Is 16 a factor of 21714?
False
Is 15228 a multiple of 27?
True
Is 37 a factor of 333?
True
Is 20534 a multiple of 12?
False
Is 82617 a multiple of 15?
False
Is 4 a factor of 37?
False
Is 11 a factor of 2002?
True
Does 97 divide 1747?
False
Does 51 divide 4641?
True
Is 786 a multiple of 25?
False
Does 19 divide 6289?
True
Is 553 a multiple of 79?
True
Is 16 a factor of 52128?
True
Is 10 a factor of 350?
True
Is 117 a factor of 585?
True
Does 11 divide 187?
True
Is 150 a multiple of 42?
False
Is 13818 a multiple of 47?
True
Does 40 divide 2848?
False
Is 70 a factor of 10220?
True
Does 10 divide 39880?
True
Is 179 a factor of 7160?
True
Does 9 divide 38646?
True
Is 846 a multiple of 6?
True
Is 987 a multiple of 8?
False
Does 6 divide 616?
False
Does 26 divide 5538?
True
Is 282 a multiple of 40?
False
Is 53 a factor of 1643?
True
Does 18 divide 3346?
False
Does 8 divide 40?
True
Does 16 divide 272?
True
Is 42 a factor of 818?
False
Is 360 a multiple of 10?
True
Is 137 a factor of 22742?
True
Is 23 a factor of 460?
True
Does 49 divide 4262?
False
Is 40 a multiple of 5?
True
Is 12010 a multiple of 94?
False
Does 40 divide 10240?
True
Does 20 divide 651?
False
Is 16 a factor of 7584?
True
Does 11 divide 32746?
False
Is 115 a factor of 1610?
True
Is 14 a factor of 84?
True
Is 3105 a multiple of 207?
True
Does 51 divide 543?
False
Is 4 a factor of 285?
False
Is 1234 a multiple of 80?
False
Is 102 a factor of 8568?
True
Is 27 a factor of 3456?
True
Is 28 a factor of 476?
True
Is 51 a multiple of 8?
False
Is 2520 a multiple of 18?
True
Is 1294 a multiple of 19?
False
Does 18 divide 1837?
False
Is 14 a factor of 728?
True
Is 5400 a multiple of 25?
True
Does 13 divide 590?
False
Is 13201 a multiple of 23?
False
Is 96 a factor of 3264?
True
Does 2 divide 255?
False
Is 15040 a multiple of 20?
True
Is 1024 a multiple of 16?
True
Is 1910 a multiple of 13?
False
Does 23 divide 1334?
True
Is 10 a factor of 1570?
True
Does 8 divide 784?
True
Is 17 a factor of 32317?
True
Is 8 a factor of 4734?
False
Does 15 divide 1065?
True
Is 53 a factor of 753?
False
Does 27 divide 189675?
True
Is 16 a factor of 1504?
True
Does 94 divide 1168?
False
Does 5 divide 521?
False
Does 29 divide 319?
True
Does 14 divide 75511?
False
Is 4278 a multiple of 23?
True
Is 10 a factor of 52098?
False
Does 31 divide 3059?
False
Is 37 a factor of 74?
True
Is 6 a factor of 562?
False
Does 14 divide 112?
True
Is 14837 a multiple of 6?
False
Is 35 a factor of 2843?
False
Does 97 divide 13289?
True
Is 950 a multiple of 19?
True
Is 14 a factor of 379?
False
Is 15 a factor of 3531?
False
Is 13 a factor of 979?
False
Does 22 divide 1232?
True
Is 45 a factor of 900?
True
Is 89 a factor of 6230?
True
Is 49 a factor of 833?
True
Is 2 a factor of 836?
True
Is 60652 a multiple of 90?
False
Does 13 divide 7225?
False
Does 47 divide 47?
True
Is 15 a factor of 7381?
False
Is 804 a multiple of 67?
True
Is 24 a factor of 29510?
False
Is 410 a multiple of 10?
True
Is 23 a factor of 14490?
True
Is 550 a multiple of 46?
False
Does 115 divide 4945?
True
Is 19329 a multiple of 61?
False
Is 7 a factor of 119?
True
Is 43 a factor of 19995?
True
Is 15000 a multiple of 60?
True
Is 21 a factor of 157?
False
Is 3 a factor of 306?
True
Is 4734 a multiple of 9?
True
Does 133 divide 7448?
True
Is 138 a multiple of 2?
True
Is 44639 a multiple of 29?
False
Is 26 a factor of 12805?
False
Does 57 divide 228?
True
Is 10 a factor of 3428?
False
Is 27 a factor of 2754?
True
Does 27 divide 243?
True
Is 20 a factor of 12720?
True
Is 15245 a multiple of 43?
False
Is 58 a multiple of 2?
True
Does 7 divide 1915?
False
Is 13 a factor of 108?
False
Is 731 a multiple of 43?
True
Does 33 divide 194?
False
Is 1734 a multiple of 6?
True
Does 16 divide 16976?
True
Is 933 a multiple of 9?
False
Is 14956 a multiple of 3?
False
Is 8 a factor of 584?
True
Is 33416 a multiple of 35?
False
Is 6 a factor of 680?
False
Is 31 a factor of 2201?
True
Is 58464 a multiple of 21?
True
Does 25 divide 2944?
False
Does 22 divide 9033?
False
Does 123 divide 19434?
True
Is 85 a factor of 731?
False
Is 51 a factor of 18661?
False
Does 52 divide 48161?
False
Is 6480 a multiple of 135?
True
Does 32 divide 3299?
False
Is 1991 a multiple of 12?
False
Does 34 divide 204?
True
Is 12833 a multiple of 41?
True
Is 12858 a multiple of 40?
False
Is 12 a factor of 2004?
True
Does 86 divide 1048?
False
Is 954 a multiple of 53?
True
Is 4 a factor of 10232?
True
Is 173 a multiple of 3?
False
Is 5 a factor of 814?
False
Is 25 a factor of 4243?
False
Is 53 a factor of 829?
False
Does 10 divide 244?
False
Is 46 a factor of 1509?
False
Is 7 a factor of 152?
False
Is 26 a factor of 1092?
True
Does 3 divide 6?
True
Does 19 divide 8422?
False
Does 201 divide 52479?
False
Is 1051 a multiple of 11?
False
Is 459 a multiple of 27?
True
Does 12 divide 130347?
False
Does 21 divide 20775?
False
Is 286 a factor of 8381?
False
Is 108 a factor of 44103?
False
Is 25540 a multiple of 304?
False
Is 39 a factor of 22035?
True
Is 8 a factor of 2149?
False
Is 90736 a multiple of 16?
True
Does 80 divide 5680?
True
Is 61251 a multiple of 28?
False
Is 64 a factor of 113414?
False
Is 5 a factor of 24900?
True
Is 13 a factor of 2503?
False
Does 15 divide 36682?
False
Does 12 divide 14938?
False
Is 411 a multiple of 23?
False
Does 4 divide 12620?
True
Is 33156 a multiple of 3?
True
Is 10 a factor of 200?
True
Does 6 divide 8042?
False
Does 40 divide 42724?
False
Is 2932 a multiple of 110?
False
Does 40 divide 16880?
True
Is 2496 a multiple of 156?
True
Is 6 a factor of 805?
False
Is 10441 a multiple of 134?
False
Is 56 a factor of 17080?
True
Is 60 a factor of 1208?
False
Does 5 divide 1371?
False
Does 12 divide 6744?
True
Is 8713 a multiple of 16?
False
Does 89 divide 9048?
False
Does 21 divide 4389?
True
Is 63 a factor of 4851?
True
Is 13066 a multiple of 47?
True
Is 13 a factor of 2600?
True
Is 5 a factor of 710?
True
Is 73 a factor of 11242?
True
Is 822 a multiple of 18?
False
Does 24 divide 60883?
False
Is 14 a factor of 676?
False
Is 12596 a multiple of 42?
False
Is 6 a factor of 273?
False
Is 10 a factor of 473?
False
Is 18240 a multiple of 30?
True
Is 25752 a multiple of 174?
True
Is 15059 a multiple of 4?
False
Is 75 a factor of 34725?
True
Does 3 divide 105?
True
Is 31 a factor of 52805?
False
Is 24738 a multiple of 72?
False
Is 135 a factor of 15051?
False
Is 56 a factor of 18192?
False
Is 37518 a multiple of 74?
True
Does 82 divide 18286?
True
Does 71 divide 23892?
False
Is 96263 a multiple of 98?
False
Is 324 a multiple of 9?
True
Is 20 a factor of 10124?
False
Is 14 a factor of 259?
False
Is 2346 a multiple of 79?
False
Is 8742 even?
True
Is 65957 a multiple of 40?
False
Does 10 divide 1830?
True
Is 46 a factor of 292?
False
Is 9 a factor of 135?
True
Does 34 divide 5001?
False
Does 49 divide 12985?
True
Is 60 a factor of 18780?
True
Does 18 divide 29178?
True
Is 11089 a multiple of 99?
False
Is 20 a factor of 690?
False
Does 7 divide 763?
True
Is 9192 a multiple of 12?
True
Is 3726 a multiple of 207?
True
Is 32 a factor of 1024?
True
Does 59 divide 354?
True
Is 4395 a multiple of 15?
True
Is 19197 a multiple of 27?
True
Does 9 divide 10826?
False
Does 31 divide 744?
True
Is 15462 a multiple of 33?
False
Is 35155 a multiple of 104?
False
Is 7 a factor of 486?
False
Is 11 a factor of 5566?
True
Is 11 a factor of 271?
False
Does 49 divide 1176?
True
Does 98 divide 7448?
True
Is 44694 a multiple of 117?
True
Is 55845 a multiple of 255?
True
Is 6127 a multiple of 127?
False
Does 39 divide 14947?
False
Is 1856 a multiple of 64?
True
Does 5 divide 112?
False
Is 8806 a multiple of 17?
True
Is 3172 a multiple of 52?
True
Is 370 a multiple